-15?
-11
Calculate (47 + -14 - 45) + 12.
0
18 + (2 - -1) + 3 + -8 + 0
16
Evaluate -24 + ((0 - 8) + 26 - 8).
-14
Calculate 47 + -56 - (-7 + 1 + 1).
-4
What is the value of -23 + (4 + (19 - 8) - (7 - -2))?
-17
What is the value of (-4 - (0 + -1)) + (-102 - -103) + 16?
14
Calculate 2 + (-6 - -1 - 1) + 7.
3
Evaluate -9 - (-2 - -2) - (-38 + 9 + 23).
-3
Calculate (16 - 15) + -9 + -2 + 2 - -8.
0
-1 - -6 - ((24 - 6) + -15)
2
What is the value of 383 + -379 - (0 - 1 - -3)?
2
Calculate 2 - ((30 - 18) + (-1 - 2)).
-7
Evaluate -13 + 20 - (-1 - -13).
-5
What is the value of 20 + (-9 - 2 - 10)?
-1
What is the value of (-2 - -3) + -14 + (-12 - (-1 - 15))?
-9
Evaluate -10 + 12 + 3 + -14.
-9
Evaluate 18 + (-3 - (9 - (-12 + 17))).
11
What is the value of -31 - ((-65 - -44) + 7)?
-17
Evaluate -14 + (1 - 5 - -11).
-7
What is the value of (-1 - (4 - -1)) + 13?
7
Evaluate -8 - (8 + -8 + 7 - 7).
-8
Calculate 8 - (4 + (-3 - (0 + 1))).
8
Evaluate -14 + (8 - 13) + 28.
9
What is the value of 6 + -7 + 7 - (3 - (0 - 1))?
2
What is 2 - -15 - (26 - 10)?
1
2 - ((-3 + 4 - 5) + 2)
4
Evaluate 12 + -3 + -14 - 5.
-10
-2 + 17 + (-176 - -142) + (0 - 0)
-19
What is the value of 2 + -19 + 25 + 7?
15
Evaluate -6 + 0 + 7 + (7 - -3).
11
What is the value of (-5 - -6 - (-6 - -6)) + -8?
-7
Evaluate -19 - -21 - (-19 - -13 - 7).
15
-455 - -448 - (-2 + (1 - (0 + 1)))
-5
Evaluate 6 + -1 + 1 - 11 - (-5 + 18).
-18
What is 6 - (-5 - (-3 + -2 - (5 - -1)))?
0
Evaluate -16 + 57 + -37 - (1 - -2).
1
What is the value of (-26 - -35 - 13) + -1?
-5
What is the value of 5 + -4 + 13 + -17 - (0 + -5)?
2
-14 - (-1 - ((3 - 8) + (0 - -7)))
-11
-5 + (5 - -3 - -4) + 0
7
What is -1 + 0 + -8 - (10 - 19)?
0
What is 19 + -21 - (-24 - (-12 + 7))?
17
Calculate -2 - (-1 - -2) - (-51 - -42) - -9.
15
What is the value of 16 + -18 + 9 - (-1 - -9) - 3?
-4
What is (5 - (-8 + -1)) + -28?
-14
What is 17 + (-5 - 9 - -3) + -25?
-19
Calculate 3 + 1 + -10 + 6 - (3 + 3).
-6
Evaluate 0 + -6 + (-18 + 19 - -17).
12
Evaluate -9 - ((-6 - 0) + 17 + -5).
-15
What is -51 + (59 - 23) + -1 + 18?
2
What is the value of (30 - 24) + (14 - 5)?
15
Evaluate -38 + 43 - (-12 - -21).
-4
Evaluate 416 + -411 + -18 + -1.
-14
(4 - 12) + 11 - (7 - 1)
-3
What is 23 - (-4 - -15) - 9 - (-1 + 32)?
-28
What is 15 + -15 + (2 - (0 - -4)) + -7?
-9
What is the value of -31 - (-26 + -37 - -10)?
22
What is the value of -5 + -9 - (-33 + 15)?
4
What is (7 - 14 - -10 - 3) + (2 - 1)?
1
Evaluate 62 - 52 - (0 + -3).
13
What is -11 - (-13 - (-10 + -4)) - (-3 - 1)?
-8
What is (16 + -3 + 2 - (7 - -2)) + 7?
13
What is the value of 26 + -3 + (-49 - -7)?
-19
What is the value of -21 + 3 + (2 - -5)?
-11
What is 2 + 2 + -8 + 23?
19
Evaluate (364 - 353) + 1 + -4.
8
What is 5 + (5 - 31) + 14?
-7
What is -4 + (-1 - -3) + (36 + -14 - 19)?
1
What is the value of (-18 - -19) + -11 - 2?
-12
Evaluate (-20 - (28 - 31)) + -11.
-28
Calculate 21 - (-5 - -24) - 8.
-6
Evaluate 3 - -4 - (13 - (-17 + 10)).
-13
Evaluate -21 - -22 - (7 - 6).
0
What is -1 + -37 + -13 + 23?
-28
What is 28 - (14 - (10 + -37))?
-13
What is the value of -689 + 674 + (1 - -2) + -2 + 0?
-14
Evaluate (-19 - 9 - -27) + 2 + 8.
9
What is 25 - (41 - 22) - (2 + 13)?
-9
What is 0 + 9 - (22 + -65 - -31)?
21
What is the value of 1 - 44 - -39 - (-1 - -5)?
-8
What is (10 - 7) + -10 - (-1 + -1)?
-5
(0 - 3) + (4 - -4 - 1) - 17
-13
What is (-10 - (-21 - -10 - 2)) + -7?
-4
Calculate (153 - 150) + -1 + -9 + -2 + 4.
-5
Evaluate -40 - (-64 - -39) - -1.
-14
What is (-2 - -9 - 6) + 0 - -6?
7
What is the value of -1 + 0 - (3 + 0) - (-3135 - -3120)?
11
94 + -98 + (2 - (6 + (-2 - 0)))
-6
Calculate (-11 - -20) + (-3 - 6).
0
What is the value of 10 + (-8 - (11 - 11)) - (0 - -1)?
1
What is the value of -4 - 4 - (0 - 8) - 4?
-4
What is 10 + (-63 - -49) + 1 + 0 - -40?
37
8 + 1 + -6 + -22
-19
What is the value of (0 - 0) + 7 - (-3 - (-9 - -28))?
29
What is the value of (9 - -15 - 19 - 14) + 46?
37
What is the value of -4 - (-28 + (24 - 24))?
24
Evaluate -11 - -10 - 3 - (2 + 6 - 2).
-10
What is (-23 - -16) + (-14 - 5)?
-26
What is -326 + 346 - (-2 + 2 + -2) - 5?
17
What is (5 - 1) + 4 + (-14 - (9 - 21))?
6
Calculate 1 - 19 - (2 + -4).
-16
What is the value of 1 - 2 - (-247 + 250)?
-4
Calculate -26 - (-80 + (4 - -33)).
17
Evaluate -1 + 1 - (12 + (-12 - 6) + 6).
0
4 + -1 - -3 - (21 - 16)
1
What is the value of -2 - (-2 - (-6 - -3 - -12))?
9
What is the value of (-1 - 6) + (-110 - -119)?
2
Evaluate (1 - ((-7 - -5) + 0)) + -3.
0
Evaluate 10 - 12 - (4 - 7) - -2.
3
Calculate (8 - 1) + -2 - 25 - (-10 - -1).
-11
Calculate (3 - -3) + -5 + (-2 - -4 - -6).
9
(2 - 12) + 3 + 6 - -9
8
Evaluate 9 - (-9 + 31 - 11).
-2
Evaluate -35 + 44 + -32 + 3 + 10.
-10
What is -38 + 35 - 0 - (23 - 1)?
-25
What is the value of -184 + 194 + (2 - (-4 - -15))?
1
-8 + 18 - (-6 + -1 - -5 - 4)
16
What is the value of 8 + (-7 + (0 + 3 - 3) - -9)?
10
Evaluate -4 + (8 - -4) - (17 + 3).
-12
-25 + (39 - 30) + 23
7
Evaluate 24 + -10 + -21 + (-3 - 8).
-18
What is the value of -2 + (2 - -12) + (13 - (15 - -1))?
9
What is (-12 + -4 - (2 + -7)) + (7 - -1)?
-3
What is 3 - (21 - -2) - (28 + -36)?
-12
What is (41 + -48 - (-3 + -1 + 1)) + 4?
0
9 + 1 + (-8 - 3) + 18
17
Evaluate 3 + -15 + -17 + 45.
16
Evaluate 9 - 15 - -10 - (-4 + -3 + 7).
4
What is the value of -5 + (-11 + 13 - (-2 + 8))?
-9
What is the value of 0 + (-5 - -12) + -2?
5
Calculate (-8 - (3 - 18)) + (-6 - (0 - 1)).
2
What is the value of 1 - (2 - 4) - (75 + -72) - -27?
27
Calculate (-21 - -5) + 12 - (0 - 7).
3
What is the value of 1 + (-8 - -11 - (10 + -2)) + 10?
6
Calculate (-11 + (3 - -5) - (6 - 2)) + 1.
-6
-10 - ((-2 + 8 - (-7 + 14)) + -5)
-4
What is the value of (-251 - -239) + (-5 - 2) + -2?
-21
What is the value of (-7 - (-4 + (1 + -11 - 5))) + 1?
13
Calculate 1 + -10 + 3 + 12 + 1.
7
Calculate 6 - -3 - ((-4 - (2 + -5)) + 1).
9
What is the value of -6 + (-8 + 10 - -2 - (5 + 6))?
-13
-4 + 29 + -34 - 12
-21
What is -6 - -3 - 0 - ((-16 - -3) + 35)?
-25
What is -1 + -43 + (-32 - 6 - -45)?
-37
What is the value of 30 + -52 + 16 + -9?
-15
What is the value of (-13 - -15 - 5) + 15?
12
What is -11 + 2 - (16 - 17 - -2)?
-10
What is the value of (-23 - 1) + (35 - -7)?
18
Calculate -4 - (-4 + -3 + 8) - -1.
-4
Evaluate -30 - (6 + (7 - 17) + (-1 - 3)).
-22
Evaluate -25 - (-6 + (12 - 23)).
-8
What is -20 + 1 + 323 + -333 - -9?
-20
-498 + 505 - (1 + 20)
-14
Evaluate -4 - (16 + -17) - (-6 + 0 + -2).
5
Calculate 8 + (3 + -10 - 4 - -7) - -9.
13
What is (-24 - -13) + 39 - 1?
27
What is 1 + -1 + 10 - (-8 + 10 - 7)?
15
Calculate 65 - 78 - (-6 - 1).
-6
-19 - -7 - (13 - 14)
-11
What is the value of (2 + -2 + -11 - -14) + -8?
-5
What is (-6 - (-1 + -2)) + -3?
-6
3 + -11 - (28 + -59 - -19)
4
1 + (-13 + 11 - 0)
-1
Evaluate -15 - -2 - ((-1 - 26) + 26).
-12
What is the value of -23 - ((-2 - (0 + -19)) + (74 - 83))?
-31
What is -10 + (-2 + -4 - -4 - -2) - -6?
-4
What is -1 + -2 + 26 - (1 + (-6 - -6))?
22
Calculate -16 - ((-11 - -30) + -28).
-7
-11 - 0 - (-6 + (-3 - -23) - 12)
-13
What is the value of 7 + 35 + -73 + -3 + (-4 - -7)?
-31
Evaluate (-17 - (-23 + 16)) + (-1 - -17).
6
What is the value of (-13 - (-3 + -6 + 0) - 0) + -8?
-12
-27 - 2 - (-27 - -11)
-13
Calculate 3 - (8 + -6 + (1 - (4 - -1))).
5
What is -35 - -25 - (-11 + 8 + -1)?
-6
What is the value of -1 - -7 - (-19 - (8 + -34)) - 14?
-15
-4 + (13 - -3) - 14 - -17
15
Evaluate 28 + (44 - 69) + (-3 - (-1 - 0)).
1
What is the value of -7 - -18 - 8 - 6 - -23?
20
What is 8 + 0 - (0 + 4 - (-7 - -12))?
9
-1 + 5 + -6 + (5 - 10)
-7
What is -6 + 1 + 60 + -50 + -14 + 22?
13
What is (-13 - 7 - -23) + (2 - -2) + 8?
15
Evaluate 4 + (-6 - (4 - -1) - -8).
1
Evaluate (22 - (3 + 13 - 7)) + 7.
20
Calculate -1 + -9 + 9 + 6.
5
Evaluate 8 + 2 + -10 + 18 + -17.
1
What is the value of -7 + (1 - (0 + -2 + (-158 - -150)))?
4
Calculate -249 - -241 - (-1 + -19).
12
-8 - (-25 - 0) - 4 - 8 - 5
0
What is the value of 38 + -38 - (5 + 16)?
-21
(51 - 72) + 1 + (-1 - -6) - -8
-7
Evaluate 11 - (1 - (1 + -16)).
-5
What is the value of 2 - (5 + 3 + 3 + -2 - 5)?
-2
Calculate -64 - -38 - -9 - (21 + -6).
-32
Evaluate (1 + 10 - (-25 - 3)) + 0 + -11.
28
Calculate -21 - ((0 - -10 - -1 - -1) + -7).
-26
What is -16 - (-15 + 3 + (23 - -2))?
-29
Calculate (4 + -6 + 3 - 11) + -7.
-17
Calculate (1 - -2) + -7 + (-26 + 29 - -14).
13
What is the va